u - 17. Suppose 4*f + 4 = 6*f - i, 5*f - 8 = k*i. Suppose 3*c - 217 - 317 = f. What is the tens digit of c?
7
Suppose 119*p = -146*p + 92*p + 428002. What is the units digit of p?
4
Suppose -3*i + 6 = p, -4*p + 2 = -3*i + 4*i. Let o(f) = 13*f - 476. Let u be o(34). Let r = p - u. What is the tens digit of r?
3
Let t(b) = 12*b**2 - 60*b - 15. Let y(g) = -13*g**2 + 60*g + 16. Let j(v) = 5*t(v) + 4*y(v). What is the units digit of j(-11)?
7
Suppose 0 = -5*q - 35 - 60. Suppose -i - 2*v = -34, -2*i - 5*v = -2*v - 67. Let d = i - q. What is the tens digit of d?
5
Let u(a) = -3614*a - 21. What is the units digit of u(-2)?
7
Suppose 275 = -15*o + 28235. Suppose 2*k - 5*z + 0*z = o, 0 = 5*z + 10. What is the hundreds digit of k?
9
Let u(q) = 4*q - 91. Let y be u(24). Let l(k) = 63*k - 6. What is the hundreds digit of l(y)?
3
Let x(g) = -69*g + 1330. What is the tens digit of x(-32)?
3
Let w = -40 - -38. Let d be ((-7)/(-2))/(1/w). What is the units digit of 1*3 + d/((-49)/1106)?
1
Let g = -286 + 291. Suppose -q + i - g*i + 58 = 0, -2*q + i = -107. What is the units digit of q?
4
Let r = 20 - 16. Suppose -k - 1 = -3*w, -6*w + 7*w = 4*k + r. Suppose -6*x - 322 + 946 = w. What is the hundreds digit of x?
1
Let u = 252 + 828. What is the tens digit of u?
8
Suppose -369*b = -361*b - 31816. What is the hundreds digit of b?
9
Let o = -2353 + 3303. Suppose 0 = -5*d - 5*z + o, -10*d = -8*d - 4*z - 404. What is the units digit of d?
4
Let l = 168 + -160. What is the hundreds digit of 1284/l - ((-3)/(-2))/3?
1
Suppose 4*p + 0*o - 3*o + 15 = 0, -5*p - 2*o + 10 = 0. Suppose p = 3*i - 6, -i = c + 2*i + 20. Let r(f) = -f - 17. What is the units digit of r(c)?
9
Let f(p) = -p**3 + 4*p**2 - 6*p + 26. Let j be f(7). Let d = 634 + j. What is the hundreds digit of d?
4
Suppose 54 = -0*l + 6*l. Suppose l = -2*a + 9. Suppose a = -3*j + 311 + 358. What is the units digit of j?
3
Let m be 2/(-8) + 1/((-8)/358). Let j = m + 51. Suppose j*w = 27 + 27. What is the units digit of w?
9
Suppose j = -4*z + 2394, -z - j + 592 = -4*j. Let l = z - 331. What is the hundreds digit of l?
2
Suppose -2*b = -w + 20, 11*b - 10*b = -2*w + 25. Suppose -w*y - 1152 = -17*y + 5*n, 4*y = 2*n + 1550. What is the hundreds digit of y?
3
Let u(l) be the third derivative of l**4/24 + 503*l**3/6 + 45*l**2 + l. What is the units digit of u(0)?
3
Let j(u) = 198*u + 112. Let a be j(15). Suppose x - 620 = 5*z + 140, 4*x = -z + a. What is the hundreds digit of x?
7
Let g = 5069 - 4295. What is the units digit of g?
4
Let w be 15/(4/20*5). What is the units digit of (5*-11)/(w/(-45))?
5
Suppose -162 + 114 = 4*x. What is the hundreds digit of (-3915)/x - (21/(-4))/7?
3
What is the thousands digit of (-8 - -2) + (1300/30)/((-4)/(-1794))?
9
Let m = -318 - -320. Suppose -m*c - 4*i + 530 = -696, 4*c = -3*i + 2462. What is the hundreds digit of c?
6
Suppose -5*g - 1418 = -2*h, -g = -5*h - 0*g + 3591. Let k = -482 + h. What is the hundreds digit of k?
2
Let v be (15/27)/(1/9). Suppose 3*y - 1415 = n - 3*n, 0 = -4*y - v*n + 1875. What is the units digit of y?
5
Let q be (648/30)/((-4)/(-10)). Suppose 5*v - q = -4*v. Suppose v*k + 483 = 9*k. What is the units digit of k?
1
Suppose 4*t - 20 = -4*y, 5*y + 5*t = 6*t + 37. Let v(u) = -3*u**2 + 36*u + 11. What is the hundreds digit of v(y)?
1
Let l(v) = 38*v - 29. Let a(o) = -o - 1. Let k(i) = 3*i - 13. Let s(p) = -2*a(p) - k(p). Let g be s(10). What is the units digit of l(g)?
1
Let i = -67 + 100. What is the hundreds digit of i/22 + (-3126)/(-4)?
7
Suppose 44*a + 193*a - 3847221 = 0. What is the ten thousands digit of a?
1
Let c(k) = 15*k + 115. Suppose 6*d + 6*d = -0*d. What is the tens digit of c(d)?
1
Let x(m) = 227*m + 2900. What is the units digit of x(17)?
9
Suppose -z = b - 14441 + 628, 55273 = 4*z + b. What is the tens digit of z?
2
Let b = 3796 + -2434. Suppose -1358*i - 4120 = -b*i. What is the hundreds digit of i?
0
Let o(j) = -72*j**3 - 17*j**2 + 7*j + 297. What is the units digit of o(-11)?
5
Let f(h) = 3610*h**2 - 75*h + 199. What is the units digit of f(3)?
4
Let w = -5562 + 7902. What is the thousands digit of w?
2
Let u = -22 - -27. Suppose -3*s + 2238 = u*h, -1820 = -4*h + s + 4*s. Suppose 0*n = -5*n + h. What is the tens digit of n?
9
Suppose -5*m - x + 154123 = 0, -5*m = -3*x - 108587 - 45564. What is the hundreds digit of m?
8
Let k be ((-10)/2 + (-23)/((-161)/42))*-10. Suppose -89 = -s + 19. What is the tens digit of (-630)/(-28)*s/k*-1?
4
Let r(q) = -5*q**3 - 11*q**2 + 338*q + 65. What is the units digit of r(-21)?
1
Let n = -146 - -167. Suppose -n*r + 8000 + 400 = 0. What is the hundreds digit of r?
4
Let o(m) = -2013*m - 428. What is the thousands digit of o(-3)?
5
Suppose -3*y = 168 - 63. Let p be -3 - (15/y + (-473)/7). Let q = p + -49. What is the units digit of q?
6
Let x be 2*(-3)/18*0 - -191. Suppose -19 = -6*d + x. What is the tens digit of d?
3
Let d(b) = -17*b + 170. Let g be d(10). Suppose -14*q + g*q = -462. What is the units digit of q?
3
Suppose -31*r + 667296 = 58*r - 26*r. What is the tens digit of r?
9
Let h(x) = -x**2 - x + 1. Let i(z) = 3*z**3 + 3*z**2 - 10*z - 1. Let j(q) = -h(q) + i(q). What is the hundreds digit of j(4)?
2
Let f(x) = x**3 + 15*x**2 + x - 14. Let k be f(-14). Suppose -3*u - k = -a, 2 = u + 3. Suppose 51 + a = 3*o. What is the units digit of o?
2
Let c = -14562 - -30455. What is the thousands digit of c?
5
Suppose -5*d = -4*n + 107249, 6*d + 30036 = n + 3257. What is the hundreds digit of n?
8
Let v(m) = 1661*m + 18324. What is the ten thousands digit of v(37)?
7
Let j = -4853 + 9600. What is the tens digit of j?
4
Suppose -2095 = -5*q - 10*v + 5*v, 5*q + 3*v - 2089 = 0. Let t = 889 - q. What is the units digit of t?
3
Let o be (-2)/9*3*-507. Suppose 5*m + 2640 = 4*l, l - o = -5*m + 347. What is the units digit of l?
5
Let a(o) = 2*o**2 - 3*o. Let s be a(0). Suppose -3*f + 4*f - 4 = s. Suppose 112 = 5*w - f*w. What is the tens digit of w?
1
Let m = -25 - -25. Suppose 0 = -3*u + 4*q + 8, -3*u = -m*u - 5*q - 10. Suppose 2*f - 4*p = 44, -2*p + p + 4 = u. What is the tens digit of f?
3
Suppose -33 = 35*a - 46*a. Suppose a*g - 329 = -j, j + g - 114 = 221. What is the hundreds digit of j?
3
Let p be 4/(-5) + 394/5. Suppose 4*m + g = 7*m + p, 0 = -g. What is the tens digit of (68/6)/(m/(-273))?
1
Let w(d) be the second derivative of -17*d**3/6 + 47*d**2 + 2*d + 50. What is the hundreds digit of w(-4)?
1
Suppose -384 = 18*a + 6*a. Let d(u) = -2*u**2 - 25*u - 1. Let b(m) = 2*m**2 + 24*m. Let q(j) = -5*b(j) - 6*d(j). What is the tens digit of q(a)?
3
Let n(c) be the third derivative of c**4/12 + 8*c**3/3 - 48*c**2. Let m be n(-8). Let v(h) = -7*h + 12. What is the tens digit of v(m)?
1
Suppose 6*a - 3777 = 549. Suppose -4*s - 3*s = a. Let t = s + 205. What is the units digit of t?
2
Let t(l) = 1. Let m(z) be the third derivative of -z**5/60 + 5*z**4/24 - 7*z**3/6 - 3*z**2. Let k(y) = -m(y) + 3*t(y). What is the tens digit of k(-6)?
7
Let y be 77/42*3 + (-1)/2. Suppose -276 = -n - y*m, 0 = -4*n + 5*m - 232 + 1386. What is the hundreds digit of n?
2
Let f = -443 + 648. Suppose 0 = -k - h + 178 + f, 4*k - 3*h = 1518. What is the hundreds digit of k?
3
Suppose 16*n = -11303 + 102663. What is the thousands digit of n?
5
Suppose -3*j = 3*q - 3432, -5*j - q + 5670 = -6*q. Let u = j + -667. What is the hundreds digit of u?
4
Suppose -5*y + 17 = g, -2*g + 10*y = 11*y - 7. Suppose 2*x = g*c + 930, 1852 = 34*x - 30*x + 4*c. What is the units digit of x?
4
Suppose -13738 = 3*x + 5*n - 50758, -3*x + 36984 = -n. What is the ten thousands digit of x?
1
Let d(s) = -2098*s**3 - 2*s**2 - 10*s - 8. Let t be d(-1). Let f = t + -1255. What is the hundreds digit of f?
8
What is the ten thousands digit of (-12258 - -1)/(13/(-26))?
2
Suppose 34 = -2*u - i, 2*i - 3 - 24 = u. Let m = u + 29. Let q = 60 + m. What is the tens digit of q?
7
Let m(y) = -y**2 + 11*y - 16. Let q be 18/9*(1 + 3). Let n be m(q). Let v(j) = 3*j**2 - 10*j - 8. What is the units digit of v(n)?
4
Let t(p) = 1767*p**2 - 31*p - 31. What is the tens digit of t(-1)?
6
Suppose 7*g - 12*g + 12335 = 0. What is the thousands digit of g?
2
Suppose -y - 16 = -5*q, 0 = 2*y - 0*q - q - 4. Suppose -y*r - 3*w = -2635, 4*w + 0*w - 1985 = -3*r. What is the hundreds digit of r?
6
Suppose